s divided by 119.
9
Calculate the remainder when 259 is divided by 33.
28
What is the remainder when 96 is divided by 95?
1
Calculate the remainder when 1527 is divided by 15.
12
What is the remainder when 75 is divided by 24?
3
Calculate the remainder when 184 is divided by 27.
22
Calculate the remainder when 234 is divided by 34.
30
Calculate the remainder when 27 is divided by 4.
3
What is the remainder when 305 is divided by 47?
23
What is the remainder when 13 is divided by 3?
1
What is the remainder when 518 is divided by 249?
20
Calculate the remainder when 2809 is divided by 15.
4
What is the remainder when 136 is divided by 132?
4
What is the remainder when 365 is divided by 356?
9
What is the remainder when 845 is divided by 202?
37
What is the remainder when 972 is divided by 305?
57
Calculate the remainder when 449 is divided by 40.
9
What is the remainder when 564 is divided by 60?
24
What is the remainder when 1378 is divided by 55?
3
What is the remainder when 15573 is divided by 89?
87
Calculate the remainder when 312 is divided by 71.
28
Calculate the remainder when 671 is divided by 26.
21
Calculate the remainder when 2103 is divided by 9.
6
What is the remainder when 18441 is divided by 4610?
1
Calculate the remainder when 280 is divided by 4.
0
Calculate the remainder when 93 is divided by 12.
9
Calculate the remainder when 1686 is divided by 1685.
1
What is the remainder when 458 is divided by 27?
26
Calculate the remainder when 139 is divided by 35.
34
Calculate the remainder when 135 is divided by 49.
37
What is the remainder when 448 is divided by 168?
112
What is the remainder when 210 is divided by 156?
54
Calculate the remainder when 808 is divided by 206.
190
What is the remainder when 2806 is divided by 108?
106
Calculate the remainder when 315 is divided by 80.
75
Calculate the remainder when 437 is divided by 20.
17
What is the remainder when 1077 is divided by 60?
57
What is the remainder when 213 is divided by 57?
42
Calculate the remainder when 268 is divided by 98.
72
Calculate the remainder when 1559 is divided by 777.
5
What is the remainder when 983 is divided by 67?
45
What is the remainder when 936 is divided by 19?
5
What is the remainder when 255 is divided by 118?
19
Calculate the remainder when 680 is divided by 46.
36
What is the remainder when 895 is divided by 4?
3
What is the remainder when 228 is divided by 190?
38
What is the remainder when 878 is divided by 367?
144
Calculate the remainder when 256 is divided by 233.
23
Calculate the remainder when 16869 is divided by 296.
293
What is the remainder when 835 is divided by 216?
187
What is the remainder when 1976 is divided by 45?
41
Calculate the remainder when 6599 is divided by 254.
249
Calculate the remainder when 14453 is divided by 79.
75
What is the remainder when 76 is divided by 28?
20
Calculate the remainder when 43 is divided by 39.
4
Calculate the remainder when 268 is divided by 68.
64
Calculate the remainder when 233 is divided by 59.
56
What is the remainder when 94 is divided by 87?
7
What is the remainder when 1453 is divided by 56?
53
What is the remainder when 2340 is divided by 71?
68
What is the remainder when 669 is divided by 167?
1
Calculate the remainder when 486 is divided by 48.
6
Calculate the remainder when 119 is divided by 32.
23
What is the remainder when 10772 is divided by 29?
13
Calculate the remainder when 626 is divided by 126.
122
Calculate the remainder when 696 is divided by 20.
16
What is the remainder when 10264 is divided by 5?
4
Calculate the remainder when 10528 is divided by 81.
79
Calculate the remainder when 67 is divided by 19.
10
What is the remainder when 10 is divided by 5?
0
What is the remainder when 346 is divided by 111?
13
What is the remainder when 136 is divided by 18?
10
Calculate the remainder when 242 is divided by 242.
0
What is the remainder when 666 is divided by 24?
18
Calculate the remainder when 89 is divided by 9.
8
What is the remainder when 103 is divided by 19?
8
What is the remainder when 1183 is divided by 1178?
5
Calculate the remainder when 2478 is divided by 249.
237
What is the remainder when 532 is divided by 94?
62
What is the remainder when 35660 is divided by 11?
9
Calculate the remainder when 1204 is divided by 1193.
11
Calculate the remainder when 958 is divided by 103.
31
What is the remainder when 1506 is divided by 65?
11
What is the remainder when 764 is divided by 65?
49
Calculate the remainder when 122 is divided by 27.
14
What is the remainder when 603 is divided by 52?
31
Calculate the remainder when 1211 is divided by 24.
11
What is the remainder when 4 is divided by 4?
0
What is the remainder when 180 is divided by 165?
15
What is the remainder when 419 is divided by 60?
59
Calculate the remainder when 764 is divided by 262.
240
Calculate the remainder when 234 is divided by 24.
18
What is the remainder when 675 is divided by 141?
111
Calculate the remainder when 218 is divided by 13.
10
What is the remainder when 2220 is divided by 1107?
6
Calculate the remainder when 209 is divided by 206.
3
Calculate the remainder when 6017 is divided by 118.
117
Calculate the remainder when 2381 is divided by 38.
25
Calculate the remainder when 390 is divided by 52.
26
Calculate the remainder when 937 is divided by 23.
17
Calculate the remainder when 1020 is divided by 334.
18
What is the remainder when 388 is divided by 33?
25
Calculate the remainder when 222 is divided by 113.
109
What is the remainder when 315 is divided by 64?
59
Calculate the remainder when 179 is divided by 75.
29
What is the remainder when 724 is divided by 75?
49
What is the remainder when 3260 is divided by 192?
188
What is the remainder when 1404 is divided by 88?
84
Calculate the remainder when 1172 is divided by 334.
170
Calculate the remainder when 2618 is divided by 12.
2
Calculate the remainder when 219 is divided by 28.
23
Calculate the remainder when 685 is divided by 72.
37
What is the remainder when 1721 is divided by 72?
65
What is the remainder when 1090 is divided by 15?
10
What is the remainder when 8165 is divided by 86?
81
Calculate the remainder when 156 is divided by 51.
3
Calculate the remainder when 3196 is divided by 40.
36
What is the remainder when 3296 is divided by 1085?
41
Calculate the remainder when 682 is divided by 57.
55
Calculate the remainder when 3736 is divided by 747.
1
Calculate the remainder when 198 is divided by 116.
82
What is the remainder when 100 is divided by 3?
1
What is the remainder when 527 is divided by 48?
47
Calculate the remainder when 337 is divided by 86.
79
What is the remainder when 460 is divided by 94?
84
Calculate the remainder when 2481 is divided by 12.
9
What is the remainder when 879 is divided by 44?
43
What is the remainder when 341 is divided by 100?
41
What is the remainder when 1293 is divided by 6?
3
What is the remainder when 8132 is divided by 46?
36
What is the remainder when 49 is divided by 2?
1
Calculate the remainder when 4311 is divided by 2145.
21
What is the remainder when 610 is divided by 18?
16
What is the remainder when 299 is divided by 43?
41
What is the remainder when 496 is divided by 50?
46
Calculate the remainder when 215 is divided by 57.
44
Calculate the remainder when 3815 is divided by 19.
15
What is the remainder when 66 is divided by 10?
6
What is the remainder when 2388 is divided by 92?
88
What is the remainder when 475 is divided by 60?
55
Calculate the remainder when 90 is divided by 83.
7
Calculate the remainder when 1501 is divided by 9.
7
What is the remainder when 729 is divided by 161?
85
What is the remainder when 68 is divided by 18?
14
What is the remainder when 300 is divided by 28?
20
Calculate the remainder when 42 is divided by 15.
12
What is the remainder when 2309 is divided by 110?
109
Calculate the remainder when 93 is divided by 18.
3
What is the remainder when 1417 is divided by 683?
51
What is the remainder when 326 is divided by 88?
62
What is the remainder when 4390 is divided by 220?
210
What is the remainder when 342 is divided by 128?
86
Calculate the remainder when 47 is divided by 22.
3
What is the remainder when 1305 is divided by 6?
3
What is the remainder whe